20052 is divided by 911?
10
Calculate the remainder when 19057 is divided by 794.
1
Calculate the remainder when 72007 is divided by 7.
5
Calculate the remainder when 39512 is divided by 3578.
154
Calculate the remainder when 6424 is divided by 2324.
1776
Calculate the remainder when 10636648 is divided by 667.
666
Calculate the remainder when 8832 is divided by 630.
12
What is the remainder when 6694 is divided by 247?
25
Calculate the remainder when 45073 is divided by 62.
61
What is the remainder when 389638 is divided by 51?
49
What is the remainder when 85688 is divided by 207?
197
Calculate the remainder when 4003 is divided by 3992.
11
Calculate the remainder when 15125 is divided by 685.
55
Calculate the remainder when 19893 is divided by 6622.
27
Calculate the remainder when 9150 is divided by 208.
206
What is the remainder when 1753 is divided by 697?
359
What is the remainder when 54537 is divided by 13?
2
What is the remainder when 7520 is divided by 1074?
2
Calculate the remainder when 31605 is divided by 157.
48
What is the remainder when 18444 is divided by 1?
0
What is the remainder when 795970 is divided by 50?
20
Calculate the remainder when 195183 is divided by 379.
377
What is the remainder when 16966 is divided by 14?
12
Calculate the remainder when 1822875 is divided by 303810.
15
What is the remainder when 135028 is divided by 5193?
10
What is the remainder when 23255 is divided by 3?
2
What is the remainder when 13811 is divided by 694?
625
What is the remainder when 103364 is divided by 19?
4
Calculate the remainder when 3189 is divided by 541.
484
Calculate the remainder when 1763 is divided by 126.
125
Calculate the remainder when 63007 is divided by 20.
7
Calculate the remainder when 354916 is divided by 149.
147
What is the remainder when 4468 is divided by 2467?
2001
Calculate the remainder when 152247 is divided by 30.
27
Calculate the remainder when 115426 is divided by 237.
7
What is the remainder when 4489 is divided by 194?
27
What is the remainder when 1879 is divided by 105?
94
Calculate the remainder when 1747 is divided by 863.
21
What is the remainder when 1524934 is divided by 946?
928
Calculate the remainder when 6358 is divided by 95.
88
Calculate the remainder when 227544 is divided by 22.
20
Calculate the remainder when 230591 is divided by 180.
11
What is the remainder when 120500 is divided by 1526?
1472
What is the remainder when 40630 is divided by 20268?
94
What is the remainder when 63200 is divided by 9019?
67
Calculate the remainder when 764 is divided by 168.
92
Calculate the remainder when 14953 is divided by 129.
118
What is the remainder when 5949 is divided by 1681?
906
What is the remainder when 16313 is divided by 308?
297
Calculate the remainder when 16638 is divided by 1847.
15
What is the remainder when 9468 is divided by 497?
25
What is the remainder when 215627 is divided by 383?
381
What is the remainder when 7450 is divided by 440?
410
What is the remainder when 5813 is divided by 1931?
20
What is the remainder when 187015 is divided by 427?
416
What is the remainder when 1413 is divided by 551?
311
Calculate the remainder when 22358 is divided by 69.
2
Calculate the remainder when 3549 is divided by 62.
15
What is the remainder when 727994 is divided by 182?
176
What is the remainder when 26162 is divided by 6536?
18
What is the remainder when 541827 is divided by 92?
39
Calculate the remainder when 20862 is divided by 3473.
24
What is the remainder when 22510 is divided by 237?
232
Calculate the remainder when 26917 is divided by 33.
22
Calculate the remainder when 7721 is divided by 623.
245
What is the remainder when 170850 is divided by 3635?
5
Calculate the remainder when 13105 is divided by 673.
318
Calculate the remainder when 12681 is divided by 4219.
24
Calculate the remainder when 76389 is divided by 24.
21
Calculate the remainder when 9579 is divided by 953.
49
Calculate the remainder when 2666083 is divided by 533216.
3
What is the remainder when 207657 is divided by 61?
13
Calculate the remainder when 9380 is divided by 28.
0
What is the remainder when 14637 is divided by 75?
12
What is the remainder when 3452 is divided by 949?
605
What is the remainder when 607859 is divided by 10?
9
What is the remainder when 1315 is divided by 186?
13
Calculate the remainder when 155247 is divided by 375.
372
Calculate the remainder when 1675714 is divided by 325.
14
Calculate the remainder when 998 is divided by 502.
496
Calculate the remainder when 536973 is divided by 34.
11
What is the remainder when 176 is divided by 27?
14
Calculate the remainder when 7605 is divided by 287.
143
Calculate the remainder when 11246 is divided by 36.
14
Calculate the remainder when 174047 is divided by 375.
47
Calculate the remainder when 6714 is divided by 562.
532
What is the remainder when 136701 is divided by 95?
91
Calculate the remainder when 33249 is divided by 35.
34
What is the remainder when 1097 is divided by 1071?
26
What is the remainder when 3545 is divided by 3499?
46
Calculate the remainder when 661946 is divided by 68.
34
What is the remainder when 4575 is divided by 51?
36
What is the remainder when 27510 is divided by 863?
757
Calculate the remainder when 81466 is divided by 262.
246
What is the remainder when 22336 is divided by 1171?
87
What is the remainder when 86396 is divided by 4799?
14
What is the remainder when 85574 is divided by 2041?
1893
Calculate the remainder when 14544 is divided by 14.
12
What is the remainder when 17188 is divided by 287?
255
Calculate the remainder when 59243 is divided by 59222.
21
Calculate the remainder when 4499 is divided by 555.
59
What is the remainder when 470755 is divided by 21?
19
What is the remainder when 36229 is divided by 68?
53
What is the remainder when 15595 is divided by 82?
15
Calculate the remainder when 92376 is divided by 374.
372
Calculate the remainder when 97419 is divided by 1709.
6
Calculate the remainder when 99774 is divided by 79.
76
What is the remainder when 244508 is divided by 547?
546
Calculate the remainder when 7064 is divided by 2347.
23
What is the remainder when 408 is divided by 135?
3
Calculate the remainder when 942 is divided by 805.
137
Calculate the remainder when 108728 is divided by 26.
22
What is the remainder when 840 is divided by 304?
232
What is the remainder when 2553134 is divided by 195?
194
What is the remainder when 34857 is divided by 383?
4
What is the remainder when 53535 is divided by 28?
27
Calculate the remainder when 2873 is divided by 602.
465
What is the remainder when 10687 is divided by 104?
79
What is the remainder when 51606 is divided by 846?
0
What is the remainder when 2533 is divided by 496?
53
Calculate the remainder when 2040105 is divided by 447.
444
What is the remainder when 65644 is divided by 44?
40
What is the remainder when 1867 is divided by 566?
169
What is the remainder when 14503 is divided by 4757?
232
Calculate the remainder when 3340 is divided by 15.
10
What is the remainder when 409469 is divided by 457?
454
What is the remainder when 1856 is divided by 415?
196
Calculate the remainder when 1046 is divided by 1038.
8
Calculate the remainder when 11383 is divided by 10970.
413
What is the remainder when 68011 is divided by 98?
97
What is the remainder when 34723 is divided by 457?
448
Calculate the remainder when 230873 is divided by 64.
25
What is the remainder when 3019 is divided by 602?
9
Calculate the remainder when 1425093 is divided by 184.
13
What is the remainder when 2206 is divided by 384?
286
Calculate the remainder when 1845 is divided by 77.
74
What is the remainder when 569684 is divided by 133?
45
What is the remainder when 18538 is divided by 772?
10
Calculate the remainder when 10699 is divided by 710.
49
What is the remainder when 136390 is divided by 12399?
1
Calculate the remainder when 148492 is divided by 49496.
4
What is the remainder when 5388 is divided by 5384?
4
What is the remainder when 9567 is divided by 159?
27
Calculate the remainder when 70207 is divided by 35.
32
What is the remainder when 33505 is divided by 17?
15
Calculate the remainder when 5045 is divided by 15.
5
What is the remainder when 149380 is